hat is 39775 - 1?
39774
In base 4, what is -110 + -21233033?
-21233203
In base 2, what is 100 + -100000011001010101011?
-100000011001010100111
In base 15, what is -ba - -3db?
321
In base 3, what is 201 - 1220201021?
-1220200120
In base 3, what is 1000 - 2201100210?
-2201022210
In base 12, what is 27 + 3131?
3158
In base 4, what is 331103122 + 0?
331103122
In base 12, what is 631 - -b5b?
1590
In base 10, what is 3823 - -6?
3829
In base 12, what is -41a + -21?
-43b
In base 9, what is -1108 + -506?
-1615
In base 16, what is 88f5 - -4?
88f9
In base 12, what is -3175 + 19?
-3158
In base 6, what is 1014 + -2?
1012
In base 14, what is 1dd37 + 1?
1dd38
In base 3, what is 221100220 + -101?
221100112
In base 2, what is 101101111010001110011 - -100?
101101111010001110111
In base 8, what is -24255 + 112?
-24143
In base 6, what is 45 - 4110?
-4021
In base 11, what is -8 - 37981?
-37989
In base 2, what is 111010100011 - -100101?
111011001000
In base 2, what is 100010101001 - 1000101111?
11001111010
In base 2, what is -10 + 100010011100101?
100010011100011
In base 13, what is 1 + 23354?
23355
In base 15, what is -26 - 584?
-5aa
In base 7, what is -11454 + 1?
-11453
In base 15, what is 2465 - -4?
2469
In base 13, what is 4006 - -3?
4009
In base 11, what is -10 + 7433?
7423
In base 9, what is -3 + -1346713?
-1346716
In base 3, what is 2 - 112202010002?
-112202010000
In base 7, what is -52 + 13105?
13023
In base 4, what is 3233 - 11003?
-1110
In base 13, what is -140c - -82?
-135a
In base 8, what is -161 + 1721?
1540
In base 8, what is -14300566 - 4?
-14300572
In base 2, what is 10 + 110001101010101110100?
110001101010101110110
In base 9, what is 2424 + -48?
2365
In base 4, what is -30001011213 + 0?
-30001011213
In base 6, what is -115410015 + 1?
-115410014
In base 15, what is 3 - -e3d?
e41
In base 11, what is 40711 - 5?
40707
In base 13, what is -98b542 + 2?
-98b540
In base 15, what is 213592 + -5?
21358c
In base 16, what is -10b8 - a?
-10c2
In base 7, what is -535 - 1024?
-1562
In base 8, what is 50644 + -2?
50642
In base 9, what is 1044 + 44?
1088
In base 10, what is 103 - -35696?
35799
In base 15, what is -3 - -8db7?
8db4
In base 12, what is a846 + 37?
a881
In base 11, what is -1179 - 66?
-1234
In base 14, what is b8 + -2216?
-213c
In base 10, what is 4428 + -120?
4308
In base 11, what is 2 + 51499?
514a0
In base 6, what is -4 + 131045?
131041
In base 16, what is -19 + -25d2?
-25eb
In base 8, what is -510613 + 2?
-510611
In base 12, what is -2 - -14431?
1442b
In base 4, what is -203 + -110102?
-110311
In base 8, what is 561 + -21?
540
In base 12, what is 316 - -1335?
164b
In base 2, what is -110101110 + -111001?
-111100111
In base 13, what is -2 - b080?
-b082
In base 7, what is -1441312 - -10?
-1441302
In base 11, what is 2 - 43090?
-43089
In base 12, what is -462 - 6?
-468
In base 12, what is -130 + -25?
-155
In base 10, what is 176593 - -5?
176598
In base 4, what is -11110 + -310333?
-322103
In base 5, what is -3 + 330430?
330422
In base 9, what is 3 + 25001?
25004
In base 12, what is 6 - -8918?
8922
In base 8, what is -244 + -106?
-352
In base 14, what is 3 + -11d78?
-11d75
In base 3, what is -12011 - 20112201?
-20201212
In base 13, what is -7 - a055?
-a05c
In base 7, what is -2 + -364426?
-364431
In base 8, what is -4 + 170222?
170216
In base 10, what is 4069 - 14?
4055
In base 13, what is -2767 + -677?
-3111
In base 4, what is -2 + 2210200?
2210132
In base 6, what is -4 - -200244?
200240
In base 3, what is 210011 + -102110212?
-101200201
In base 7, what is -104 - 5144?
-5251
In base 12, what is 64a26 - 1?
64a25
In base 10, what is -17 + -863?
-880
In base 2, what is -11101000101100001110 + -10?
-11101000101100010000
In base 10, what is -5 + -1480722?
-1480727
In base 12, what is -66 + 2885?
281b
In base 15, what is -c135 - 2?
-c137
In base 4, what is -1011213 - 0?
-1011213
In base 9, what is 281 + 143?
434
In base 15, what is -2231 + 3?
-222d
In base 14, what is 3ab + 7?
3b4
In base 13, what is 3 - -cab13?
cab16
In base 3, what is 12 - 110101121?
-110101102
In base 9, what is -16 - -4027?
4011
In base 6, what is 330203513 - 1?
330203512
In base 10, what is 2 - -2026?
2028
In base 12, what is -1 - -2487?
2486
In base 16, what is 663 - -5?
668
In base 6, what is 1222 - 1040?
142
In base 14, what is 4 + 303a?
3040
In base 14, what is 120c + 140?
134c
In base 15, what is -d + 1492?
1484
In base 14, what is 7 + -1890?
-1887
In base 4, what is -102100 + 323?
-101111
In base 6, what is -5441 - 521?
-10402
In base 10, what is 4 - 9144?
-9140
In base 13, what is 5217 - -7?
5221
In base 5, what is -1014 - 14124?
-20143
In base 5, what is 10 - -1342443?
1343003
In base 14, what is 79 + -10b?
-72
In base 6, what is -50215 + 1155?
-45020
In base 12, what is 5 - -265b?
2664
In base 5, what is -4341222 - -10?
-4341212
In base 4, what is -2000 + 11101232?
11033232
In base 7, what is 0 - 236152?
-236152
In base 11, what is -3 + -143506?
-143509
In base 13, what is 25 + -4a8?
-483
In base 4, what is -311010123 + -12?
-311010201
In base 15, what is 517 + -97?
470
In base 10, what is -41325 - -1?
-41324
In base 7, what is -10631 - 42?
-11003
In base 5, what is 3134 + 21?
3210
In base 13, what is -2b785 + -2?
-2b787
In base 5, what is -3341 + 32211?
23320
In base 15, what is 4bbb - 1?
4bba
In base 7, what is 5 - 412116?
-412111
In base 9, what is 10221 + -16?
10204
In base 7, what is 22244240 + 3?
22244243
In base 14, what is -cac + -125?
-dd3
In base 12, what is 350 + -7?
345
In base 10, what is -282 + 605?
323
In base 7, what is 11603 + -11?
11562
In base 4, what is -2 - -1000202022?
1000202020
In base 15, what is 1428 + -3?
1425
In base 7, what is -665 + -6534?
-10532
In base 15, what is 9721 + 12?
9733
In base 7, what is 1 + -25111?
-25110
In base 10, what is 2 + 20965?
20967
In base 15, what is -7c7 + -78?
-850
In base 7, what is 444040 + 2?
444042
In base 7, what is 5101 + -6?
5062
In base 10, what is 5476967 + -2?
5476965
In base 2, what is -100001 + -101111011?
-110011100
In base 2, what is -1000011011 - -1101111111?
101100100
In base 4, what is 2001132010 - 2?
2001132002
In base 10, what is 90325 - 3?
90322
In base 10, what is 0 - 100104?
-100104
In base 3, what is -1 - 1100011012?
-1100011020
In base 3, what is 21 - 1001011022?
-1001011001
In base 6, what is -14 + 103251?
103233
In base 4, what is -300 - 1213223?
-1220123
In base 15, what is -1d28 - -20?
-1d08
In base 15, what is 3 + -10b64?
-10b61
In base 10, what is 7804 + -13?
7791
In base 16, what is 0 - -a45a?
a45a
In base 14, what is 0 + -1d61?
-1d61
In base 9, what is -1002 - 35?
-1037
In base 7, what is -1 + -5434?
-5435
In base 15, what is 20bda - -4?
20bde
In base 13, what is -85 + -3888?
-3940
In base 10, what is 676353 - -3?
676356
In base 12, what is 4 - 1700?
-16b8
In base 15, what is -1299 + -16?
-12b0
In base 2, what is -1000000100111 - 1011?
-1000000110010
In base 12, what is 12 - -2966?
2978
In base 16, what is 1 - -1c34?
1c35
In base 2, what is -100 + 100101000110?
100101000010
In base 4, what is 22 - 213221213?
-213221131
In base 7, what is 264 - -12?
306
In base 8, what is 0 - -75474?
75474
In base 10, what is -69591 - 3?
-69594
In base 15, what is -4a - 2c7?
-322
In base 10, what is 880 - 61?
819
In base 15, what is -349d + 24?
-3479
In base 6, what is 13 + 2031352?
2031405
In base 11, what is a - -8378?
8387
In base 10, what is -5 + 106300?
106295
In base 7, what is -12 + 16522?
16510
In base 6, what is -10 - 1101411?
-1101421
In base 7, what is -1210 - 2552?
-4062
In base 4, what is 20 - 312132?
-312112
In base 13, what is -162 + 167?
5
In base 10, what is 64 - 23373?
-23309
In base 15, what is -1bd - 36ab?
-3879
In base 6, what is -340 - 112130?
-112510
In base 16, what is -1edd4 - -4?
-1edd0
In base 9, what is -118 + -117?
-236
In base 15, what is -a77bc - 3?
-a77c0
In base 16, what is -82a + 3d?
-7ed
In base 7, what is 1521 - -4022?
5543
In base 14, what is 741 - 16c?
5b3
In base 12, what is 9134 - 8?
9128
In base 7, what is 26350534 - -4?
26350541
In base 7, what is -3 + 435664?
435661
In base 5, what is 240 - 0?
240
In base 9, what is -148205 + 7?
-148187
In base 3, what is -102010 + 121112221?
121010211
In base 4, what is 10231 - -22?
10313
In base 5, what is 13 + -230441?
-2304